{"id":31573,"date":"2024-11-04T16:59:22","date_gmt":"2024-11-04T15:59:22","guid":{"rendered":"https:\/\/www.galeriemontorgueil.com\/produit\/livre-amazonia-dedicace\/"},"modified":"2025-12-11T23:03:12","modified_gmt":"2025-12-11T22:03:12","slug":"livre-amazonia-dedicace","status":"publish","type":"product","link":"https:\/\/www.galeriemontorgueil.com\/en\/produit\/livre-amazonia-dedicace\/","title":{"rendered":"Livre Amaz\u00f4nia d\u00e9dicac\u00e9"},"content":{"rendered":"<p>Book &#8220;Amaz\u00f4nia&#8221; dedicated by the photographer Sebasti\u00e3o Salgado.<br \/>\nEdition Taschen.<\/p>\n","protected":false},"excerpt":{"rendered":"<p>Book &#8220;Amaz\u00f4nia&#8221; dedicated by the photographer Sebasti\u00e3o Salgado. Edition Taschen.<\/p>\n","protected":false},"featured_media":12013,"comment_status":"open","ping_status":"closed","template":"","meta":{"_acf_changed":false,"_seopress_robots_primary_cat":"","_seopress_titles_title":"","_seopress_titles_desc":"","_seopress_robots_index":""},"product_brand":[],"product_cat":[227],"product_tag":[],"pa_artistes":[300],"class_list":{"0":"post-31573","1":"product","2":"type-product","3":"status-publish","4":"has-post-thumbnail","6":"product_cat-unclassified","7":"pa_artistes-sebastio-salgado","8":"pa_types-book","10":"first","11":"outofstock","12":"shipping-taxable","13":"purchasable","14":"product-type-simple"},"acf":{"custom_google_title":null,"year":"","artwork_not_saled":null,"nom_artiste_produit":"Sebastio Salgado"},"_links":{"self":[{"href":"https:\/\/www.galeriemontorgueil.com\/en\/wp-json\/wp\/v2\/product\/31573","targetHints":{"allow":["GET"]}}],"collection":[{"href":"https:\/\/www.galeriemontorgueil.com\/en\/wp-json\/wp\/v2\/product"}],"about":[{"href":"https:\/\/www.galeriemontorgueil.com\/en\/wp-json\/wp\/v2\/types\/product"}],"replies":[{"embeddable":true,"href":"https:\/\/www.galeriemontorgueil.com\/en\/wp-json\/wp\/v2\/comments?post=31573"}],"version-history":[{"count":1,"href":"https:\/\/www.galeriemontorgueil.com\/en\/wp-json\/wp\/v2\/product\/31573\/revisions"}],"predecessor-version":[{"id":31574,"href":"https:\/\/www.galeriemontorgueil.com\/en\/wp-json\/wp\/v2\/product\/31573\/revisions\/31574"}],"wp:featuredmedia":[{"embeddable":true,"href":"https:\/\/www.galeriemontorgueil.com\/en\/wp-json\/wp\/v2\/media\/12013"}],"wp:attachment":[{"href":"https:\/\/www.galeriemontorgueil.com\/en\/wp-json\/wp\/v2\/media?parent=31573"}],"wp:term":[{"taxonomy":"product_brand","embeddable":true,"href":"https:\/\/www.galeriemontorgueil.com\/en\/wp-json\/wp\/v2\/product_brand?post=31573"},{"taxonomy":"product_cat","embeddable":true,"href":"https:\/\/www.galeriemontorgueil.com\/en\/wp-json\/wp\/v2\/product_cat?post=31573"},{"taxonomy":"product_tag","embeddable":true,"href":"https:\/\/www.galeriemontorgueil.com\/en\/wp-json\/wp\/v2\/product_tag?post=31573"},{"taxonomy":"pa_artistes","embeddable":true,"href":"https:\/\/www.galeriemontorgueil.com\/en\/wp-json\/wp\/v2\/pa_artistes?post=31573"}],"curies":[{"name":"wp","href":"https:\/\/api.w.org\/{rel}","templated":true}]}}

Livre Amazônia dédicacé

<p>Book &#8220;Amazônia&#8221; dedicated by the photographer Sebastião Salgado.<br />
Edition Taschen.</p>

<p>Book &#8220;Amazônia&#8221; dedicated by the photographer Sebastião Salgado. Edition Taschen.</p>
